{"id":104,"date":"2020-10-12T15:40:07","date_gmt":"2020-10-12T13:40:07","guid":{"rendered":"http:\/\/www.sun-watch.ch\/?page_id=104"},"modified":"2025-05-22T19:14:24","modified_gmt":"2025-05-22T17:14:24","slug":"zifferblatt","status":"publish","type":"page","link":"https:\/\/www.sun-watch.ch\/?page_id=104","title":{"rendered":"Zifferblatt berechnen"},"content":{"rendered":"\n<p><strong>Wir starten mit einem Koordinaten-System S, dessen x-y-Koordinaten in der Bewegungsebene der Sonne liegen (z steht senkrecht auf dieser Ebene) und x zeigt am Fr\u00fchjahrspunkt (21. M\u00e4rz) in Richtung Sonne. Wenn sich die Erde um einen Winkel \u03c8 um die Sonne dreht, so stellt S<sub>S<\/sub> = (cos \u03c8, sin \u03c8, 0) ein Einheitsvektor in Richtung Sonne dar.<\/strong><\/p>\n\n\n\n<figure class=\"wp-block-image size-large is-resized\"><img loading=\"lazy\" decoding=\"async\" width=\"1024\" height=\"512\" src=\"https:\/\/www.sun-watch.ch\/wp-content\/uploads\/2020\/10\/Erdbahn-1024x512.jpg\" alt=\"\" class=\"wp-image-178\" style=\"width:1368px;height:684px\" srcset=\"https:\/\/www.sun-watch.ch\/wp-content\/uploads\/2020\/10\/Erdbahn-1024x512.jpg 1024w, https:\/\/www.sun-watch.ch\/wp-content\/uploads\/2020\/10\/Erdbahn-300x150.jpg 300w, https:\/\/www.sun-watch.ch\/wp-content\/uploads\/2020\/10\/Erdbahn-768x384.jpg 768w, https:\/\/www.sun-watch.ch\/wp-content\/uploads\/2020\/10\/Erdbahn-1536x768.jpg 1536w, https:\/\/www.sun-watch.ch\/wp-content\/uploads\/2020\/10\/Erdbahn.jpg 2000w\" sizes=\"auto, (max-width: 1024px) 100vw, 1024px\" \/><figcaption class=\"wp-element-caption\"><strong>Fig. 1: Rotation der Erde um die Sonne mit Koordinatensystem S. x,y in der Ekliptik und die Achse z senkrecht dazu<\/strong>.<\/figcaption><\/figure>\n\n\n\n<p><strong>Um in ein erdgebundenes Koordinatensystem E zu wechseln, drehen wir das Koordinatensystem um den Neigungswinkel \u03b5 der Erdachse. Die Drehung muss um die x-Achse erfolgen. Indem wir den Sonnen-Vektor S<sub>S<\/sub> mit der Rotationsmatrix R<sub>x<\/sub>  multiplizieren, erhalten wir den Sonnenvektor S<sub>E<\/sub> im erdgebundenen System.<\/strong><\/p>\n\n\n\n<figure class=\"wp-block-image size-large is-resized\"><img loading=\"lazy\" decoding=\"async\" width=\"1024\" height=\"507\" src=\"https:\/\/www.sun-watch.ch\/wp-content\/uploads\/2020\/10\/Erde-1024x507.jpg\" alt=\"\" class=\"wp-image-186\" style=\"width:1386px;height:685px\" srcset=\"https:\/\/www.sun-watch.ch\/wp-content\/uploads\/2020\/10\/Erde-1024x507.jpg 1024w, https:\/\/www.sun-watch.ch\/wp-content\/uploads\/2020\/10\/Erde-300x148.jpg 300w, https:\/\/www.sun-watch.ch\/wp-content\/uploads\/2020\/10\/Erde-768x380.jpg 768w, https:\/\/www.sun-watch.ch\/wp-content\/uploads\/2020\/10\/Erde.jpg 1504w\" sizes=\"auto, (max-width: 1024px) 100vw, 1024px\" \/><figcaption class=\"wp-element-caption\"><strong>Fig. 2: Die Transformation des Koordinatensystems S in das erdgebundene Koordinatensystem E<\/strong><\/figcaption><\/figure>\n\n\n\n<p><strong>Die z-Achse des Koordinatensystems E zeigt in dieselbe Richtung wie die Erdachse. Bei einer Eigenrotation der Erde um einen Winkel ? dreht sich das Koordinatensystem E mit. Die neuen Koordinaten erh\u00e4lt man durch Multiplikation von S<sub>E<\/sub>(\u03c8) mit der Rotationsmatrix R<sub>z<\/sub><\/strong>.<\/p>\n\n\n\n<figure class=\"wp-block-image size-large is-resized\"><img loading=\"lazy\" decoding=\"async\" width=\"931\" height=\"129\" src=\"https:\/\/www.sun-watch.ch\/wp-content\/uploads\/2020\/10\/Koordinaten_E2-1.jpg\" alt=\"\" class=\"wp-image-200\" style=\"width:1233px;height:170px\" srcset=\"https:\/\/www.sun-watch.ch\/wp-content\/uploads\/2020\/10\/Koordinaten_E2-1.jpg 931w, https:\/\/www.sun-watch.ch\/wp-content\/uploads\/2020\/10\/Koordinaten_E2-1-300x42.jpg 300w, https:\/\/www.sun-watch.ch\/wp-content\/uploads\/2020\/10\/Koordinaten_E2-1-768x106.jpg 768w\" sizes=\"auto, (max-width: 931px) 100vw, 931px\" \/><\/figure>\n\n\n\n<p><strong>Durch die gew\u00e4hlte <a href=\"https:\/\/www.sun-watch.ch\/?page_id=60\">Positionierung der Sonnenuhr<\/a>, steht das Zifferblatt parallel zur Erdachse (s. Fig. 3, links). Da die z-Achse <strong>des Koordinatensystems E<\/strong><\/strong> <b>in Richtung der Erdachse und die y-Achse in Richtung Osten zeigen, liegen y-z auch in der Ebene des Zifferblattes.  Die x-Achse steht senkrecht dazu. Der Einheitsvektor <\/b><strong style=\"font-weight: bold;\">S<sub>E<\/sub>(\u03c8,<strong>\u03c6<\/strong>)<\/strong><strong> zeigt folglich in Richtung Sonne in Bezug auf das Zifferblatt. <\/strong><\/p>\n\n\n<div class=\"wp-block-image\">\n<figure class=\"aligncenter size-large is-resized\"><img loading=\"lazy\" decoding=\"async\" width=\"1024\" height=\"410\" src=\"https:\/\/www.sun-watch.ch\/wp-content\/uploads\/2020\/10\/Erde_Sonnenuhr2-1024x410.jpg\" alt=\"\" class=\"wp-image-193\" style=\"width:1129px;height:451px\" srcset=\"https:\/\/www.sun-watch.ch\/wp-content\/uploads\/2020\/10\/Erde_Sonnenuhr2-1024x410.jpg 1024w, https:\/\/www.sun-watch.ch\/wp-content\/uploads\/2020\/10\/Erde_Sonnenuhr2-300x120.jpg 300w, https:\/\/www.sun-watch.ch\/wp-content\/uploads\/2020\/10\/Erde_Sonnenuhr2-768x307.jpg 768w, https:\/\/www.sun-watch.ch\/wp-content\/uploads\/2020\/10\/Erde_Sonnenuhr2-1536x614.jpg 1536w, https:\/\/www.sun-watch.ch\/wp-content\/uploads\/2020\/10\/Erde_Sonnenuhr2-2048x819.jpg 2048w\" sizes=\"auto, (max-width: 1024px) 100vw, 1024px\" \/><figcaption class=\"wp-element-caption\"><strong>Fig. 3: Das Koordinatensystem E in Bezug auf das Zifferblatt<\/strong><\/figcaption><\/figure><\/div>\n\n\n<p><strong>Als Ausgangspunkt f\u00fcr den Winkel <strong>\u03c6<\/strong>, der die Eigenrotation der Erde beschreibt, w\u00e4hlen wir den Sonnenh\u00f6chststand 12 Uhr SZ. Dieser zeichnet sich dadurch aus, dass die y-Komponente des Vektors S<sub>E<\/sub>(\u03c8,<strong>\u03c6<\/strong>) gleich Null sein muss<\/strong>:<\/p>\n\n\n\n<figure class=\"wp-block-image size-large is-resized\"><img loading=\"lazy\" decoding=\"async\" width=\"1024\" height=\"102\" src=\"https:\/\/www.sun-watch.ch\/wp-content\/uploads\/2020\/10\/Phi0-1024x102.jpg\" alt=\"\" class=\"wp-image-212\" style=\"width:1193px;height:118px\" srcset=\"https:\/\/www.sun-watch.ch\/wp-content\/uploads\/2020\/10\/Phi0-1024x102.jpg 1024w, https:\/\/www.sun-watch.ch\/wp-content\/uploads\/2020\/10\/Phi0-300x30.jpg 300w, https:\/\/www.sun-watch.ch\/wp-content\/uploads\/2020\/10\/Phi0-768x76.jpg 768w, https:\/\/www.sun-watch.ch\/wp-content\/uploads\/2020\/10\/Phi0-1536x152.jpg 1536w, https:\/\/www.sun-watch.ch\/wp-content\/uploads\/2020\/10\/Phi0.jpg 1813w\" sizes=\"auto, (max-width: 1024px) 100vw, 1024px\" \/><\/figure>\n\n\n\n<p><strong>Wir f\u00fchren einen Bild-Vektor B<sub>E<\/sub>(\u03c8,<strong>\u03c6<\/strong>) ein, der ein Vielfaches des  Einheitsvektor S<sub>E<\/sub>(\u03c8,<strong>\u03c6<\/strong>) ist. Den Vervielfachungs-Faktor G w\u00e4hlen wir so,  dass die x-Komponente von B<sub>E<\/sub>(\u03c8,<strong>\u03c6<\/strong>) der H\u00f6he h der L\u00f6cher \u00fcber dem Zifferblatt entspricht. So beschreiben die y-und z-Komponenten von B<sub>E<\/sub>(\u03c8,<strong>\u03c6<\/strong>) die Projektion des Loches auf das Zifferblatt. <\/strong><\/p>\n\n\n\n<figure class=\"wp-block-image size-large is-resized\"><img loading=\"lazy\" decoding=\"async\" width=\"1024\" height=\"511\" src=\"https:\/\/www.sun-watch.ch\/wp-content\/uploads\/2020\/10\/Formeln-Zifferblatt-1024x511.jpg\" alt=\"\" class=\"wp-image-221\" style=\"width:1217px;height:607px\" srcset=\"https:\/\/www.sun-watch.ch\/wp-content\/uploads\/2020\/10\/Formeln-Zifferblatt-1024x511.jpg 1024w, https:\/\/www.sun-watch.ch\/wp-content\/uploads\/2020\/10\/Formeln-Zifferblatt-300x150.jpg 300w, https:\/\/www.sun-watch.ch\/wp-content\/uploads\/2020\/10\/Formeln-Zifferblatt-768x383.jpg 768w, https:\/\/www.sun-watch.ch\/wp-content\/uploads\/2020\/10\/Formeln-Zifferblatt-1536x766.jpg 1536w, https:\/\/www.sun-watch.ch\/wp-content\/uploads\/2020\/10\/Formeln-Zifferblatt.jpg 1810w\" sizes=\"auto, (max-width: 1024px) 100vw, 1024px\" \/><\/figure>\n\n\n\n<p><strong>Um von der Sonnenzeit zur Mittel Europ\u00e4ischen Zeit (MEZ) zu gelangen m\u00fcssen wir einerseits die Lokalzeit-Differenz und andererseits die <strong><a href=\"https:\/\/www.sun-watch.ch\/?page_id=117#Zeitgleichung\">Zeitgleichung<\/a><\/strong> ber\u00fccksichtigen. W\u00e4hrend ersteres eine konstante Differenz darstellt, ist die Zeitgleichung eine Abh\u00e4ngigkeit vom jeweiligen Tag des Jahres. Die Herleitung der Zeitgleichung ist komplex, weshalb wir es vorziehen eine<a rel=\"noreferrer noopener\" href=\"http:\/\/www.geoastro.de\/SME\/tk\/index.htm\" target=\"_blank\"> h\u00e4ufig benutzte N\u00e4herungsformel <\/a>zu verwenden:<\/strong><\/p>\n\n\n\n<figure class=\"wp-block-image size-large is-resized\"><img loading=\"lazy\" decoding=\"async\" width=\"1024\" height=\"86\" src=\"https:\/\/www.sun-watch.ch\/wp-content\/uploads\/2020\/10\/Zeitgleichung_Naeherung-1024x86.jpg\" alt=\"\" class=\"wp-image-230\" style=\"width:1071px;height:89px\" srcset=\"https:\/\/www.sun-watch.ch\/wp-content\/uploads\/2020\/10\/Zeitgleichung_Naeherung-1024x86.jpg 1024w, https:\/\/www.sun-watch.ch\/wp-content\/uploads\/2020\/10\/Zeitgleichung_Naeherung-300x25.jpg 300w, https:\/\/www.sun-watch.ch\/wp-content\/uploads\/2020\/10\/Zeitgleichung_Naeherung-768x65.jpg 768w, https:\/\/www.sun-watch.ch\/wp-content\/uploads\/2020\/10\/Zeitgleichung_Naeherung-1536x130.jpg 1536w, https:\/\/www.sun-watch.ch\/wp-content\/uploads\/2020\/10\/Zeitgleichung_Naeherung.jpg 1741w\" sizes=\"auto, (max-width: 1024px) 100vw, 1024px\" \/><\/figure>\n\n\n\n<p><strong>Eine auf dieser Basis berechnete Ganzjahres-Skala w\u00e4re &#8211; wegen dem Einfluss  der Zeitgleichung &#8211; sehr schwierig abzulesen. Wir erstellen deshalb zwei Skalen: eine von der Winter-Sonnwende bis zur Sommer-Sonnwende und eine von der Sommer-Sonnwende bis zur Winter-Sonnwende.<\/strong><\/p>\n\n\n\n<a name=\"Berechnung1\"><\/a>\n\n\n\n<figure class=\"wp-block-image size-large is-resized\"><img loading=\"lazy\" decoding=\"async\" width=\"1024\" height=\"724\" src=\"https:\/\/www.sun-watch.ch\/wp-content\/uploads\/2020\/10\/Beide_Skalen-1024x724.jpg\" alt=\"\" class=\"wp-image-233\" style=\"width:1450px;height:1025px\" srcset=\"https:\/\/www.sun-watch.ch\/wp-content\/uploads\/2020\/10\/Beide_Skalen-1024x724.jpg 1024w, https:\/\/www.sun-watch.ch\/wp-content\/uploads\/2020\/10\/Beide_Skalen-300x212.jpg 300w, https:\/\/www.sun-watch.ch\/wp-content\/uploads\/2020\/10\/Beide_Skalen-768x543.jpg 768w, https:\/\/www.sun-watch.ch\/wp-content\/uploads\/2020\/10\/Beide_Skalen-1536x1086.jpg 1536w, https:\/\/www.sun-watch.ch\/wp-content\/uploads\/2020\/10\/Beide_Skalen-2048x1448.jpg 2048w\" sizes=\"auto, (max-width: 1024px) 100vw, 1024px\" \/><figcaption class=\"wp-element-caption\"><strong>Fig 4: Zifferblatt-Skalen links f\u00fcr die Zeit Winter-Sonnwende &#8211;&gt; Sommer-Sonnwende und rechts f\u00fcr Sommer-Sonnwende &#8211;&gt; Winter-Sonnwende<\/strong><\/figcaption><\/figure>\n\n\n\n<p><strong>Jeweils um die Winter-Sonnwende und um die Sommer-Sonnwende m\u00fcssen wir die Minuten-Skala austauschen.<\/strong><\/p>\n\n\n\n<p><strong>Dem Unterschied zwischen Sommer- und Winter-Zeit wird dadurch Rechnung getragen, dass die einzelnen L\u00f6cher oberhalb mit der Sommer- und unterhalb mit der Winter-Zeit beschriftet sind.<\/strong><\/p>\n\n\n<div class=\"wp-block-image is-style-rounded\">\n<figure class=\"alignright size-large is-resized\"><a href=\"https:\/\/www.sun-watch.ch\/?page_id=105\"><img loading=\"lazy\" decoding=\"async\" width=\"300\" height=\"82\" src=\"https:\/\/www.sun-watch.ch\/wp-content\/uploads\/2020\/11\/Weiter-1.jpg\" alt=\"\" class=\"wp-image-336\" style=\"width:150px\"\/><\/a><figcaption class=\"wp-element-caption\">Realisierung + erste Erfahrungen<\/figcaption><\/figure><\/div>\n\n\n<figure class=\"wp-block-image size-large\"><img loading=\"lazy\" decoding=\"async\" width=\"1024\" height=\"77\" src=\"https:\/\/www.sun-watch.ch\/wp-content\/uploads\/2025\/05\/Impressum-Wiederhergestellt-1024x77.jpg\" alt=\"\" class=\"wp-image-453\" srcset=\"https:\/\/www.sun-watch.ch\/wp-content\/uploads\/2025\/05\/Impressum-Wiederhergestellt-1024x77.jpg 1024w, https:\/\/www.sun-watch.ch\/wp-content\/uploads\/2025\/05\/Impressum-Wiederhergestellt-300x23.jpg 300w, https:\/\/www.sun-watch.ch\/wp-content\/uploads\/2025\/05\/Impressum-Wiederhergestellt-768x58.jpg 768w, https:\/\/www.sun-watch.ch\/wp-content\/uploads\/2025\/05\/Impressum-Wiederhergestellt-1536x115.jpg 1536w, https:\/\/www.sun-watch.ch\/wp-content\/uploads\/2025\/05\/Impressum-Wiederhergestellt.jpg 2000w\" sizes=\"auto, (max-width: 1024px) 100vw, 1024px\" \/><\/figure>\n","protected":false},"excerpt":{"rendered":"<p>Wir starten mit einem Koordinaten-System S, dessen x-y-Koordinaten in der Bewegungsebene der Sonne liegen (z steht senkrecht auf dieser Ebene) und x zeigt am Fr\u00fchjahrspunkt (21. M\u00e4rz) in Richtung Sonne. Wenn sich die Erde um einen Winkel \u03c8 um die Sonne dreht, so stellt SS = (cos \u03c8, sin \u03c8, 0) ein Einheitsvektor in Richtung [&hellip;]<\/p>\n","protected":false},"author":1,"featured_media":0,"parent":0,"menu_order":0,"comment_status":"closed","ping_status":"closed","template":"","meta":{"footnotes":""},"class_list":["post-104","page","type-page","status-publish","hentry"],"_links":{"self":[{"href":"https:\/\/www.sun-watch.ch\/index.php?rest_route=\/wp\/v2\/pages\/104","targetHints":{"allow":["GET"]}}],"collection":[{"href":"https:\/\/www.sun-watch.ch\/index.php?rest_route=\/wp\/v2\/pages"}],"about":[{"href":"https:\/\/www.sun-watch.ch\/index.php?rest_route=\/wp\/v2\/types\/page"}],"author":[{"embeddable":true,"href":"https:\/\/www.sun-watch.ch\/index.php?rest_route=\/wp\/v2\/users\/1"}],"replies":[{"embeddable":true,"href":"https:\/\/www.sun-watch.ch\/index.php?rest_route=%2Fwp%2Fv2%2Fcomments&post=104"}],"version-history":[{"count":46,"href":"https:\/\/www.sun-watch.ch\/index.php?rest_route=\/wp\/v2\/pages\/104\/revisions"}],"predecessor-version":[{"id":460,"href":"https:\/\/www.sun-watch.ch\/index.php?rest_route=\/wp\/v2\/pages\/104\/revisions\/460"}],"wp:attachment":[{"href":"https:\/\/www.sun-watch.ch\/index.php?rest_route=%2Fwp%2Fv2%2Fmedia&parent=104"}],"curies":[{"name":"wp","href":"https:\/\/api.w.org\/{rel}","templated":true}]}}