{"id":30,"date":"2020-10-11T14:57:24","date_gmt":"2020-10-11T12:57:24","guid":{"rendered":"http:\/\/www.sun-watch.ch\/?page_id=30"},"modified":"2025-05-22T19:04:44","modified_gmt":"2025-05-22T17:04:44","slug":"the-new-umoma-opens-its-doors-2","status":"publish","type":"page","link":"https:\/\/www.sun-watch.ch\/","title":{"rendered":"Einleitung"},"content":{"rendered":"\n<p><strong>Seit jeher bestimmt die Bahn der Sonne den Tagesverlauf von Natur und der Menschen. So ist es nicht \u00fcberraschend, dass im Altertum verschiedene Kulturen den Schattenwurf (z.B. von Steinformationen) &nbsp;zur Zeitmessung verwendet haben. &nbsp;Die Weiterentwicklung f\u00fchrte zur klassischen Sonnenuhr, bei der ein Stab geeignet ausgerichtet wird, damit sein Schatten zu einer bestimmten Tageszeit f\u00fcr alle Tage des Jahres in eine bestimmte Richtung zeigt. <\/strong><\/p>\n\n\n\n<p><strong>An Stelle des Schattens kann  man auch die Projektion des Sonnenlichts durch ein Loch als Zeitangabe verwenden. Zudem gelingt es<\/strong>,<strong> mehrere L\u00f6cher so anzuordnen,&nbsp; dass jedes eine volle Stunde repr\u00e4sentiert. Projiziert man neben dem Loch auch die zugeordnete Stundenzahl, erh\u00e4lt man eine digitale Uhr, die allerdings nur Stunden anzeigt.  W\u00fcnschbar w\u00e4ren aber auch Minutenangaben. Dies setzt voraus, dass man die L\u00f6cher so anordnen kann, dass eine Minuten-Skala f\u00fcr alle L\u00f6cher G\u00fcltigkeit hat. Hierzu m\u00fcssen die Projektionen aller L\u00f6cher in der Zeit +\/- 30 Minuten um die Stunde, die sie repr\u00e4sentieren, (ann\u00e4hernd) dieselbe Strecke durchlaufen.<\/strong><\/p>\n\n\n\n<p><strong>Wir haben zwei Sonnenuhren gebaut, die diesen Vorgaben entsprechen. Wir nennen sie halb-digital, da die Stunden in digitalen Ziffern angezeigt werden und man die Minuten auf einer analogen Skala ablesen kann. Der Prototyp steht auf Privatgrund im Spiegel bei Bern. Die Sonnenuhr im Liebefeldpark ist f\u00fcr die \u00d6ffentlichkeit zug\u00e4nglich und im Besitz der Gemeinde K\u00f6niz.<\/strong> <strong>Ein per QR-Code abrufbarer <a href=\"https:\/\/www.sun-watch.ch\/?page_id=378\">Audioguide<\/a> mit Erkl\u00e4rungen zur halb-digitalen Sonnenuhr kann auf dem Handy abgeh\u00f6rt werden.<\/strong><\/p>\n\n\n\n<figure class=\"wp-block-video aligncenter\"><video controls muted src=\"https:\/\/www.sun-watch.ch\/wp-content\/uploads\/2021\/08\/Liebefeld_ZRVideo_gk2.mp4\"><\/video><figcaption class=\"wp-element-caption\"><strong>Zeitraffer-Video der halb-digitalen Sonnenuhr im Liebefeldpark, 11. August 14:33 bis 15:42 Sommerzeit<\/strong><\/figcaption><\/figure>\n\n\n\n<p><strong>Die Sonnenuhr misst prim\u00e4r die <a href=\"https:\/\/www.sun-watch.ch\/?page_id=117#Zeiten\">Sonnenzeit<\/a>. Dies ist eine Lokalzeit. Wenn die Sonnenuhr ortsfest ist, kann man die Minuten-Skala entsprechend anpassen, sodass diese im Mittel die die <a href=\"https:\/\/www.sun-watch.ch\/?page_id=117#Zeiten\">Mittel-Europ\u00e4ische-Zeit (MEZ)<\/a> anzeigt.<\/strong><\/p>\n\n\n\n<p><strong>Da sich die Erde nicht auf einer Kreis- sondern auf einer elliptischen Bahn um die Sonne bewegt und die Erdachse gegen\u00fcber der Ekliptik geneigt ist, gibt es Unterschiede bis 16 Minuten zwischen der Welt- und der Sonnenzeit. Die <a href=\"https:\/\/www.sun-watch.ch\/?page_id=117#Zeitgleichung\">Zeitgleichung<\/a> beschreibt diese Abweichung. Auch diese kann man in der Minuten-Skala ber\u00fccksichtigen.<\/strong><\/p>\n\n\n\n<figure class=\"wp-block-video aligncenter\"><video controls src=\"https:\/\/www.sun-watch.ch\/wp-content\/uploads\/2021\/08\/Spiegel_ZRVideo_red.mp4\"><\/video><figcaption class=\"wp-element-caption\"><strong>Zeitraffer-Video der Sonnenuhr im Spiegel, 25. Oktober ca. 12:30 bis 13:20 + 14:05 bis 14:40 Winterzeit<\/strong><\/figcaption><\/figure>\n\n\n\n<p style=\"font-size:24px\"><strong>Ablesen der Zeit<\/strong><\/p>\n\n\n\n<p><strong>Zwischen der digitalen Stundenanzeige f\u00fcr die Sommerzeit (obere Ziffern) und die Winterzeit (untere Ziffern) hat es ein Lichtpunkt. Die Position dieses Lichtpunktes ist repr\u00e4sentativ f\u00fcr die Minuten-Ablesung. Oben und unten der Linien ist angeschrieben, wie viele Minuten man zur digitalen Stundenanzeige hinzuz\u00e4hlen muss. Die dicken gelb\/schwarzen Linien gelten streng genommen nur f\u00fcr das mittlere Loch (d.h. f\u00fcr 13 Uhr Sommerzeit \/ 12 Uhr Winterzeit). Will man f\u00fcr die \u00fcbrigen Stundenanzeigen eine genaue Minutenablesung, so zeigt die Legende auf der Seite des Zifferblattes die Farbe f\u00fcr die Kurve an, die zu diesem Lichtpunkt geh\u00f6rt. In vielen F\u00e4llen mag es aber gen\u00fcgen, die gelb\/schwarzen Linien f\u00fcr alle Lichtpunkte zu verwenden.<\/strong><\/p>\n\n\n\n<p><strong>Durch die Neigung der Erdachse gegen\u00fcber der Ekliptik und die Rotation der Erde um die Sonne \u00e4ndert von Tag zu Tag der Sonnenh\u00f6chststand wodurch die Jahreszeiten entstehen. F\u00fcr unsere Sonnenuhr bedeutet dies, dass die zeitgebenden Lichtpunkte zwischen Winter-Sonnwende und Sommer-Sonnwende (Fr\u00fchjahr) von Tag zu Tag etwas weiter unten und von Sommer-Sonnwende und Winter-Sonnwende (Herbst) etwas h\u00f6her \u00fcber das Zifferblatt wandern.<\/strong><\/p>\n\n\n<div class=\"wp-block-image is-style-default\">\n<figure class=\"aligncenter size-full\"><img loading=\"lazy\" decoding=\"async\" width=\"2560\" height=\"1435\" src=\"https:\/\/www.sun-watch.ch\/wp-content\/uploads\/2021\/08\/Vergleich_Herbst_Sommer-scaled.jpg\" alt=\"\" class=\"wp-image-404\" srcset=\"https:\/\/www.sun-watch.ch\/wp-content\/uploads\/2021\/08\/Vergleich_Herbst_Sommer-scaled.jpg 2560w, https:\/\/www.sun-watch.ch\/wp-content\/uploads\/2021\/08\/Vergleich_Herbst_Sommer-300x168.jpg 300w, https:\/\/www.sun-watch.ch\/wp-content\/uploads\/2021\/08\/Vergleich_Herbst_Sommer-1024x574.jpg 1024w, https:\/\/www.sun-watch.ch\/wp-content\/uploads\/2021\/08\/Vergleich_Herbst_Sommer-768x431.jpg 768w, https:\/\/www.sun-watch.ch\/wp-content\/uploads\/2021\/08\/Vergleich_Herbst_Sommer-1536x861.jpg 1536w, https:\/\/www.sun-watch.ch\/wp-content\/uploads\/2021\/08\/Vergleich_Herbst_Sommer-2048x1148.jpg 2048w\" sizes=\"auto, (max-width: 2560px) 100vw, 2560px\" \/><figcaption class=\"wp-element-caption\"><strong>Fig. 1:     Links Zeitangabe am 2. Juli (Uhr im Liebefeldpark)     \u00a6     Rechts: Zeitangabe am 22. Oktober (Uhr im Spiegel b. Bern)<\/strong><\/figcaption><\/figure><\/div>\n\n\n<p><strong>Die mit Datum versehenen waagrechten gelb\/schwarzen Linien zeigen die Bahn des mittleren Lichtpunktes zu diesem Datum an. Die Lichtpunkte der \u00fcbrigen L\u00f6cher k\u00f6nnen aber deutlich andere Bahnen beschreiben <\/strong>(dies umso mehr, je weiter das Datum vom 21. M\u00e4rz, respektive 23. Sept. entfernt ist).  <strong>F\u00fcr die Sonnwenden sind die Bahnen f\u00fcr alle Lichtpunkte in den jeweiligen Farben eingezeichnet.<\/strong><\/p>\n\n\n<div class=\"wp-block-image is-style-rounded\">\n<figure class=\"alignright size-large is-resized\"><a href=\"https:\/\/www.sun-watch.ch\/?page_id=117\"><img loading=\"lazy\" decoding=\"async\" width=\"300\" height=\"82\" src=\"https:\/\/www.sun-watch.ch\/wp-content\/uploads\/2020\/11\/Weiter-1.jpg\" alt=\"\" class=\"wp-image-336\" style=\"width:150px\"\/><\/a><figcaption class=\"wp-element-caption\">Zeitmessung<\/figcaption><\/figure><\/div>\n\n\n<p><\/p>\n\n\n\n<figure class=\"wp-block-image size-large\"><img loading=\"lazy\" decoding=\"async\" width=\"1024\" height=\"77\" src=\"https:\/\/www.sun-watch.ch\/wp-content\/uploads\/2025\/05\/Impressum-Wiederhergestellt-1024x77.jpg\" alt=\"\" class=\"wp-image-453\" srcset=\"https:\/\/www.sun-watch.ch\/wp-content\/uploads\/2025\/05\/Impressum-Wiederhergestellt-1024x77.jpg 1024w, https:\/\/www.sun-watch.ch\/wp-content\/uploads\/2025\/05\/Impressum-Wiederhergestellt-300x23.jpg 300w, https:\/\/www.sun-watch.ch\/wp-content\/uploads\/2025\/05\/Impressum-Wiederhergestellt-768x58.jpg 768w, https:\/\/www.sun-watch.ch\/wp-content\/uploads\/2025\/05\/Impressum-Wiederhergestellt-1536x115.jpg 1536w, https:\/\/www.sun-watch.ch\/wp-content\/uploads\/2025\/05\/Impressum-Wiederhergestellt.jpg 2000w\" sizes=\"auto, (max-width: 1024px) 100vw, 1024px\" \/><\/figure>\n","protected":false},"excerpt":{"rendered":"<p>Seit jeher bestimmt die Bahn der Sonne den Tagesverlauf von Natur und der Menschen. So ist es nicht \u00fcberraschend, dass im Altertum verschiedene Kulturen den Schattenwurf (z.B. von Steinformationen) &nbsp;zur Zeitmessung verwendet haben. &nbsp;Die Weiterentwicklung f\u00fchrte zur klassischen Sonnenuhr, bei der ein Stab geeignet ausgerichtet wird, damit sein Schatten zu einer bestimmten Tageszeit f\u00fcr alle [&hellip;]<\/p>\n","protected":false},"author":1,"featured_media":0,"parent":0,"menu_order":0,"comment_status":"closed","ping_status":"closed","template":"","meta":{"footnotes":""},"class_list":["post-30","page","type-page","status-publish","hentry"],"_links":{"self":[{"href":"https:\/\/www.sun-watch.ch\/index.php?rest_route=\/wp\/v2\/pages\/30","targetHints":{"allow":["GET"]}}],"collection":[{"href":"https:\/\/www.sun-watch.ch\/index.php?rest_route=\/wp\/v2\/pages"}],"about":[{"href":"https:\/\/www.sun-watch.ch\/index.php?rest_route=\/wp\/v2\/types\/page"}],"author":[{"embeddable":true,"href":"https:\/\/www.sun-watch.ch\/index.php?rest_route=\/wp\/v2\/users\/1"}],"replies":[{"embeddable":true,"href":"https:\/\/www.sun-watch.ch\/index.php?rest_route=%2Fwp%2Fv2%2Fcomments&post=30"}],"version-history":[{"count":54,"href":"https:\/\/www.sun-watch.ch\/index.php?rest_route=\/wp\/v2\/pages\/30\/revisions"}],"predecessor-version":[{"id":463,"href":"https:\/\/www.sun-watch.ch\/index.php?rest_route=\/wp\/v2\/pages\/30\/revisions\/463"}],"wp:attachment":[{"href":"https:\/\/www.sun-watch.ch\/index.php?rest_route=%2Fwp%2Fv2%2Fmedia&parent=30"}],"curies":[{"name":"wp","href":"https:\/\/api.w.org\/{rel}","templated":true}]}}